 - 0) - (-14 - -1 - 3).
10
What is the value of (13 - 23 - -5) + 12?
7
(-2 - 3) + (5 - (-6 - -2)) + -2
2
What is 2 + -2 + -5 + 8 + 0 + 0?
3
What is -41 + 18 + 7 + 6?
-10
What is (1 - ((-6 - 2) + -3)) + 23 + -39?
-4
Calculate -6 - (9 - 16) - 1.
0
Calculate 251 + -242 - (-1 + (2 - -21)).
-13
What is the value of (-13 - (14 - 20)) + 21?
14
What is -3 - (1 + -37) - (393 - 378)?
18
Calculate 1 + -8 + (-2 - 1 - -2) + 6.
-2
What is -1 + (16 + -20 - 5)?
-10
Evaluate 0 + -13 - (28 + (-67 - -33)).
-7
Calculate -19 - (13 - 61 - -26).
3
-2 - ((4 - 28) + (-2 - -2 - -7))
15
What is (10 - 10) + -5 - (-3 - 2)?
0
What is the value of 13 - (-23 - (-11 - 12))?
13
What is 5 - 1 - (-6 + 9)?
1
Evaluate 8 - (9 - 7) - (9 + 4 - 5).
-2
Calculate -7 + -2 + (21 - (59 + -23)).
-24
Calculate 10 + -48 + 9 + 13.
-16
Calculate 10 + -2 + -5 - (-2 - 0).
5
What is -82 - -91 - (3 - 0 - 11)?
17
1 + -3 + 22 + -3 - 3
14
What is the value of (-5 - 4 - -15) + 9 + -3?
12
What is -7 - (-5 + 0 - (32 + (-26 - 8)))?
-4
What is -42 + (28 + (-15 - -3) - 3)?
-29
What is (6 + -3 - (1 + 1)) + -14?
-13
Evaluate 34 - (18 + -43 + 73).
-14
Evaluate -3 + 3 + -2 + 1 + -9 - 9.
-19
Evaluate -15 + 0 + -18 + 38 + -27.
-22
-12 + 19 - 0 - 5
2
13 + -16 + (-3 - -9) + -7 - 9
-13
(-23 - (-45 + 40)) + 7
-11
Calculate 0 + 27 + -6 + -10.
11
-63 + (-29 - -41) + 25
-26
Evaluate 9 - -14 - 26 - -10.
7
What is 9 + 7 + -9 + 8 - 0?
15
Calculate (-88 - -18) + 30 - -30.
-10
Evaluate 6 + -28 + 41 - 5.
14
Calculate 14 + (-28 - -5 - -2).
-7
What is -9 + -7 + (-1 - -30)?
13
What is 8 + 1 + 4 + -9 - 22?
-18
Evaluate -4 + 5 + -2 - 1 - (-20 - -29).
-11
Evaluate (-58 - -49 - (-1 + 15)) + 9.
-14
What is the value of 1 + 6 + 0 + -7 + 2?
2
What is -19 - (3 + -2 - -16 - 4)?
-32
-19 + -7 - (31 + -64)
7
-252 + 267 + (-15 - 0)
0
What is the value of 4 - -1 - (-15 - -30 - 12 - 8)?
10
Calculate 6 - -50 - (76 - 45).
25
Evaluate (-3 - 0) + (28 - 32) + -8 - -4.
-11
-1 + -5 + -11 + (-10 - -17)
-10
3 + 1 + (0 - 2 - (-46 + 49))
-1
4 + (-2 - (-28 + -9)) + -7 + 2
34
Evaluate -13 + 11 + (0 - -2) - (-45 + 40).
5
Calculate -3 + 5 - ((10 - 20) + 11).
1
What is the value of -3 + 9 + (-2 - 6) + -2 + -7?
-11
What is 40 - 37 - ((2 - 2) + -2 - -19)?
-14
Evaluate (-8 - 30 - (27 - 31)) + 17.
-17
Calculate 31 + 1 + 11 + (-129 - -115).
29
Calculate -8 + (-7 - -9) + 24 + (-2 - 1).
15
Evaluate 2 + -12 + -1 - (-17 - -95 - 63).
-26
What is the value of (-21 - (2 + -12)) + 13 + (-9 - 0)?
-7
(-9 - (-7 + 4)) + (12 - -3) + -4
5
Calculate 28 + -2 + 483 + -532.
-23
What is -11 + (12 - 13) + 8?
-4
What is the value of 11 + (0 - -17 - 9 - (-2 - -11))?
10
(-12 - -6) + (-14 - (11 - 21))
-10
What is the value of 0 + 3 - ((-45 - 34) + 75)?
7
Calculate 18 + 7 + -29 + -28.
-32
Calculate (290 - 264) + (0 - 9).
17
What is the value of (4 + 12 + -5 - 5) + -24?
-18
Evaluate -17 - (2 - (-13 - -18)).
-14
Evaluate 11 + (13 - (29 + (-4 - -13))).
-14
What is the value of -1 + (-3 - (1 + 0)) - (14 + -10)?
-9
(0 - -5) + (-4 - 19) + 20 - 1
1
Evaluate 0 + 1 - 9 - (-42 + 92 + -36).
-22
What is the value of -34 + (-16 - -45) + 7?
2
Calculate (-43 - -27) + (0 - -2) - -45.
31
(-7 - (-20 - -3)) + -15
-5
Evaluate 11 + (-10 - (-5 - 5)) + 14.
25
Calculate -27 - (2 + -7 + 4) - (-43 + 37).
-20
What is the value of -1 + -6 + 7 + (-10 - -9)?
-1
Evaluate -7 + (18 - 9 - (1 + 0)) + -4.
-3
What is the value of -6 - (-11 - (-4 - 2 - -12))?
11
What is -37 - ((32 - 4) + -83)?
18
What is the value of (1 - 5) + 14 + -12 + 0 + 4?
2
What is the value of -11 - -41 - (19 + 16)?
-5
(20 - (-1 - -2)) + -4 + -14 + 15
16
Evaluate -6 - (-4 + 1) - -10 - (4 - -2).
1
Calculate -23 + 24 - ((-5 - -4) + 2 + 4).
-4
Calculate 8 + (-5 + -6 + 9 - 45) - 2.
-41
Evaluate -2 - ((7 - 4) + (4 + -9 - -2)).
-2
Calculate -5 - -8 - -28 - 51.
-20
-30 - -36 - 6 - -11
11
What is (2 + 8 - 7) + (22 - 6)?
19
Evaluate 34 + (11 - 59) + 1.
-13
Calculate 181 + -178 - (12 - 0).
-9
Evaluate 2 - ((-1 - -23) + (-5 - 2) + 2).
-15
(131 - 144) + 3 + 11
1
What is -6 + (10 - -13) - 17?
0
What is the value of -14 - (-7 - (25 + -14))?
4
What is the value of 15 - (1 - -1) - (207 + -199)?
5
-1 + 22 - 11 - ((1 - 3) + -3)
15
(-1 - -4) + -10 + 4 + (2 - 10)
-11
Evaluate 92 - 74 - (-10 + 12).
16
Calculate 6 - (15 + -18 + -10).
19
What is the value of 9 + -1 - 10 - 7?
-9
Calculate 1 + (-10 - 6) + 6.
-9
Evaluate 1426 + -1412 + (1 - (45 - 2)).
-28
What is (2 - -1) + -7 + 15 + 4 + -7?
8
Evaluate 11 + 1 + -5 + -25.
-18
Calculate -20 + 8 + -3 + 1.
-14
What is the value of -15 + (-12 - -11 - 4 - (2 + -11))?
-11
Calculate -1 - (33 - (-6 - -28)).
-12
Evaluate -15 + 2 + 14 - (8 + (-6 - -4)).
-5
What is 2 - (8 + -2) - (4 - -6 - 4)?
-10
What is -8 - (-19 - -12) - 10?
-11
17 - (-6 + -6 - (-4 + -51))
-26
What is (20 - 12) + (17 + -4 + -7 - -2)?
16
-24 + (7 - (10 - 12))
-15
Evaluate (-7 - -8) + (-2 - -2 - -1).
2
What is the value of 15 + -13 + -24 - (-4 - 1)?
-17
-14 + 6 + 3 + 6 + -1 + -14
-14
Evaluate (-3 - 1) + 46 + -48 + 1.
-5
What is 1 + -7 - (-18 + (44 - 27))?
-5
Evaluate 2 + (-1 - -8) + -21 + (-1 - -6).
-7
What is the value of 55 + -23 + -29 + 3 + -27?
-21
What is the value of -32 - (28 - 32) - -26?
-2
(15 - (28 + 16)) + 38
9
What is 5 + (6 - (7 - -1)) + -5 + 0?
-2
What is the value of (-6 - -13) + (-6 - -15)?
16
What is the value of 16 + 1 - (60 - (19 - -45))?
21
What is 12 + (6 - -7) + -36?
-11
Evaluate (-2 - (0 - -5)) + (7 + -29 - -18).
-11
What is -33 - (-19 + 6 + -19)?
-1
What is -14 - (-15 + 4 - -6)?
-9
What is -24 + -1 + (-2 - -11) + 3?
-13
Calculate -2 + (12 - 5 - 5 - (9 + -5)).
-4
Evaluate -24 + (-1 - -46) + 3.
24
What is 49 - (56 + -29) - 22?
0
Calculate 14 + (8 - (16 + -7)).
13
Evaluate -6 + (34 + -2 - 8).
18
Evaluate 18 + -8 + 0 + (-12 - -9).
7
What is 35 + 16 + -34 + -18?
-1
What is the value of (-1 + 10 - (-4 + 0)) + (-3 - 0)?
10
What is the value of 0 + 1 + 3 - (24 + -26)?
6
63 + -10 + -42 + 9 + 0 + 0
20
Calculate -4 - (12 - 14) - 6.
-8
Calculate (-6 - (-7 + -19)) + -7 + -8.
5
What is the value of 0 + 0 + (-8 - (-11 - -4)) + 1?
0
Evaluate -3 + 5 + -6 + 11 + -1.
6
What is the value of 20 + 0 + 122 + -127?
15
-3 + (16 - 1) + 20 + -18
14
What is (-5 - -2) + 0 + -10 + 7 - -11?
5
Evaluate -15 + 80 + -27 - 58.
-20
208 + -185 + -34 + 6
-5
Calculate 0 + (-28 - 2) - (-25 - (-23 + -3)).
-31
What is -23 - (28 + -30) - -8?
-13
What is (-36 + 22 - -20) + (2 - -1)?
9
Evaluate (0 - -7) + (383 - 378).
12
Evaluate (-5 - -4) + (-20 - (-8 - -19 - 10)).
-22
Evaluate -11 + (-4 - -8) + 5 - -2 - -13.
13
Calculate (23 - 7) + -58 + 51.
9
(-2 - 3) + 24 + -72 + 22 + 8
-23
Calculate -12 + -10 - (-8 + (8 - 2)) - -5.
-15
What is -14 + -1 + (159 - 130)?
14
Calculate -8 + (-12 - -38) + -7.
11
Calculate 1 + -7 + (-2 + -8 - -18) + 12.
14
4 + -32 + -7 + 10 + -12 + 20
-17
Calculate (-2 + -2 - (56 + -63)) + -4.
-1
Calculate 101 - 101 - (3 - 5 - -5).
-3
Calculate (36 - (7 + 22)) + (-17 - -2).
-8
Evaluate -16 - (-34 - -13) - -2.
7
What is 15 - (10 - (19 + -8))?
16
What is -37 + 37 - -2 - (-1 + 1 - -7)?
-5
Calculate (-30 - -15) + 29 - (24 + 1).
-11
Calculate 11 + (0 - 33) - -34.
12
2 + (2 - 13) + (-13 - -24) + -8
-6
Calculate -45 - ((-12 + -5 - -15) + -12).
-31
Evaluate 15 - 25 - (8 - 14).
-4
What is the value of 13 + (-22 - (-15 - -8)) + -7?
-9
What is the value of -7 + -9 - (-11 + (1 - -6))?
-12
-7 + 15 + -14 + 12 + -5
1
-14 + 18 + -43 + 20
-19
Evaluate -7 + 14 + -42 + 44.
9
What is the value of 29 - ((-3 - (-1 - 17)) + -3)?
17
Calculate 1 - (-3 + 1 + 3 + 12).
-12
What is (-3 - 4) + (19 - 33) + (0 - 0)?
-21
Evaluate 5 - ((2 - 1) + 2) - (-68 + 79).
-9
Evaluate (-1 - 12) + 77 + -62 + 2 + 1.
5
Evaluate (-9 - 6) + 17 + (-7 - 1).
-6
Calculate (-3 + 9 - (7 + -2)) + 2 + -9.
-6
What is the value of -21 + (-11 - -18 - 9) + 12 - -24?
13
Evaluate -1 + -2 + -2 + 12 - -13.
20
Calculate 4 - 1 - 5 - 15.
-17
Evaluate 10 + (9 - -9) + -14.
14
Calculate (6 - 13) + -53 + 36.
-24
Calculate 1 + -10 + 6 + 3.
0
Calculate -2 - (-6 - (8 + -6 + -3)).
3
Calculate 8 + (5 - (5 + 12)) + (-42 - -51).
5
What is the value of -1 + -15 + (1 - 1) - (-815 + 812)?
-13
Calculate -3 + 21 + -9 + -10 + -1.
-2
What is the value of 7 + -17 + 1 + (7 - (3 - 0))?
-5
What is the value of (8 - 17 - -21) + -3?
9
Evaluate -20 + 39 + -26 + 2.
-5
What is the value of (0 - -17 - (-38 + 73)) + 25?
7
What is the value of -39 + 25 + (-5 - -15) + 6?
2